 + l. Is (-15 - -3)/g - -859 a composite number?
True
Let l = 6461 + -3810. Let s = 3798 - l. Is s a composite number?
True
Let l be 5*6*(-12)/8. Suppose -f + 2*n + 5 = 49, 5*f = 4*n - 190. Let v = f - l. Is v prime?
True
Let b = -68455 - -1310506. Is b prime?
False
Suppose 4*z - 2 = x + 25, 0 = -2*x - 5*z - 2. Let l(q) = -q**2 - 11*q. Let b be l(x). Suppose 641 = 12*f - 7*f - 2*c, b = -c - 3. Is f prime?
True
Suppose -14*b = -65 - 61. Let o(n) = n + 8. Let g be o(-6). Suppose 3*k + b = 0, -5*k + g*k = -x + 31. Is x a prime number?
False
Let r = 27 + -20. Suppose 6882 - 21575 = -r*y. Is y composite?
False
Let z(g) = -10*g - 20. Let s be z(-2). Suppose -2*b = 3 - 9, s = -3*m + 4*b + 6447. Is m composite?
False
Let z = -81 + 83. Suppose -2*h - h = -6, z*h = 3*c - 8. Suppose -5*n + 830 = 3*y, y = -3*n + c*y + 474. Is n composite?
False
Let s(b) = -b**3 - 10*b**2 + 5. Let y be s(-10). Suppose 3*o - m = 63778, 2*o - 5*o + y*m + 63770 = 0. Suppose -10*w + o = 4330. Is w a prime number?
True
Suppose -i = -3*p - 2 - 5, -3*p - 3*i = -9. Let c be ((-17)/(-2) + -7)/(p/2). Is c/30*-4 + 18024/15 a prime number?
False
Let s = -98 - -92. Let a(l) = l**3 + 4*l**2 - 13*l - 3. Let g be a(s). Suppose 3*b = -i + 1169, g*b + 20 = -2*b. Is i composite?
False
Let f be (-24)/84 + 88/14. Suppose -3*v + 9 = -f. Suppose v*d + g - 115 = 0, -5*g = 3*d + 8 - 99. Is d prime?
False
Let k(l) = l**3 + 4*l**2 - 3. Let h be k(-3). Let v be (-1)/h - 84398/(-12). Suppose 9*y + v = 22*y. Is y composite?
False
Let l be (-9954)/(-66) - (-1 + 27/33). Let q = l - 45. Is q prime?
False
Let k be 5*(1 - 6/15). Suppose u - i + 2*i - 1062 = 0, -k*i - 5302 = -5*u. Is u a prime number?
True
Is (192097 - 0) + ((-3)/(-27) - (-275)/(-45)) a composite number?
False
Let n be -4*15/10 - -10. Suppose -n*b - 34602 = -10*b. Is b composite?
True
Let u = 77670 + 29153. Is u a prime number?
True
Let s(t) = 7*t - 83. Let b be s(14). Is 0*5/b + (-3548)/(-2) a composite number?
True
Let j(n) be the second derivative of 2251*n**4/12 - 3*n**3/2 + 9*n**2/2 + 50*n. Is j(1) prime?
True
Is 12758 + (2 - -5 - 10 - (-12)/2) a composite number?
True
Let d = -320666 - -486477. Is d prime?
True
Let z(p) = -41148*p - 13119. Is z(-14) a prime number?
False
Let l = -131 + -8. Let c = l + 1713. Is c a prime number?
False
Let v = 193532 - 124573. Is v composite?
True
Suppose 0*r = -r - 2*s + 5229, -r + 2*s + 5209 = 0. Suppose 4*f - 6*f - 3*a = 3481, 0 = -3*f - 5*a - r. Let v = -935 - f. Is v a composite number?
True
Suppose -1680*k + 1664*k = -17749840. Is k a prime number?
False
Let o(i) = -478*i + 2. Let v be o(-3). Let w be 14 + 8 + (-23 - -4). Suppose 0 = 3*k + w*f - 1851, 4*k - 1008 = 2*f + v. Is k prime?
True
Suppose -2*f - 230434 = -4*i, 0 = 4*i - 6*i - 2*f + 115232. Is i a prime number?
False
Let p = 66840 - 7874. Is p composite?
True
Let y = -16191 + 17000. Is y a composite number?
False
Suppose -21760 = 4*r - 8*r. Suppose -4*j + 2*c + r = 0, 5*c + 2310 = -5*j + 9125. Is j a prime number?
True
Let x(m) = 3*m**2 + 9*m + 6. Let j be x(-2). Suppose j = 29*v - 22*v - 73661. Is v a prime number?
False
Suppose 34*v - 12 = 31*v. Suppose -4*d + 1028 = -2*m, -v*m - 510 = -2*d - 5*m. Suppose -s + d + 1003 = 0. Is s a composite number?
False
Suppose -5 = g, -10 = l - g + 4*g. Suppose -l*s - 59989 = -4*o + 28053, 3*o = 3*s + 66033. Is o composite?
False
Suppose -83265 + 22605 = -3*h. Let u = h - 7239. Is u a composite number?
True
Suppose -1360442 = -21*b - 287951. Is b a composite number?
False
Let v(f) = -27671*f**3 - 2*f**2 + 8*f + 9. Let m(j) = -27672*j**3 - 2*j**2 + 8*j + 9. Let l(z) = -3*m(z) + 4*v(z). Is l(-1) composite?
True
Suppose 41 = 14*b + 13. Suppose -b = -9*y + 7. Let z(n) = 122*n**2 + 4*n - 3. Is z(y) prime?
False
Let u be 4/26 + 64*168/78. Suppose -f + 6469 = -u. Is f composite?
False
Suppose c + 77090 = 5*n, -16 + 21 = c. Is n a prime number?
False
Suppose -4*k + 4*g - 3*g = -118864, -3*k = 4*g - 89167. Is k a prime number?
True
Let j(s) = 14767*s + 1555. Is j(6) composite?
True
Let w(c) = -58319*c + 16. Let h be w(-1). Is (-1)/(-3*5/h) a composite number?
False
Suppose 0 = 3*g + 5*y - 47918, 2*y = -g + 15634 + 337. Suppose 0 = 2*p + 2*t - 10638, -3*p + 4*t = t - g. Is p a composite number?
False
Let r be (1242/4)/(-9)*4. Let k = -61 - r. Suppose 4*l + 4*f - 356 = 0, 0 = -l + 2*f + k. Is l a composite number?
True
Let z = 2325 - 5442. Let b = z + 4655. Is b composite?
True
Let w = -239 + 587. Let g = w + -55. Is g a composite number?
False
Let m = 19828 + 36291. Is m a prime number?
False
Suppose 35525*a - 35521*a = 210884. Is a prime?
True
Let a = 143338 - 87143. Is a prime?
False
Let v = -32 - -39. Suppose 3*c - l = 20, -5*c - 5*l + 27 = v. Is 0 - 3/c*(-588 - -2) prime?
True
Suppose 5*d + 38 = 2*h, 2*h + 2*d = d + 62. Suppose 0 = 26*l - h*l + 2967. Is l composite?
True
Suppose 28*n - 15*n - 1066 = 0. Is (-2 + 3)*n*(-1041)/(-6) prime?
False
Suppose 3*x + 3*d - 27 + 6 = 0, 10 = 2*d. Suppose 0*n - x*n + 12866 = 0. Is n a prime number?
False
Suppose -2*g + m = -294, -4*g = -8*m + 10*m - 580. Suppose 3*b - 3216 = -3*p, -2*p - g + 2275 = -b. Is p composite?
True
Let u(d) = 20*d + 88. Let j be u(-4). Is 2*7214/7*14/j a composite number?
False
Let m(r) = 22*r**3 - 6*r**2 - 2*r + 4. Suppose 9 + 1 = 2*b. Is m(b) a prime number?
False
Let s(c) = 272*c**2 + 6*c + 19. Let b(l) = 815*l**2 + 17*l + 58. Let j(r) = -2*b(r) + 7*s(r). Is j(-3) a prime number?
True
Let m = -59 - -63. Suppose m = -3*b - 11, -3*b = x - 11368. Is x a composite number?
False
Let k(h) = 77*h**2 + 24*h - 39. Let b(n) = -2*n**3 + 7*n**2 + 2*n - 5. Let j be b(3). Is k(j) a composite number?
False
Suppose -4*g + 2977 = -11035. Is g a prime number?
False
Let m(i) be the second derivative of -i**6/40 + 7*i**5/60 + i**4/4 + 7*i**3/3 + 11*i**2 - 4*i. Let v(y) be the first derivative of m(y). Is v(-6) prime?
False
Suppose -5*s - 2*z - 24 - 18 = 0, -4*s - 52 = -3*z. Is 7 + (-231)/35 - 6486/s a prime number?
False
Let y be 1 + (-2433)/(-18) - 11/66. Suppose -z - 3*z + y = -4*p, -2*z - 107 = 3*p. Is 5/p - (12286/(-7) + 1) a prime number?
False
Let x = 107 - 105. Suppose x*t - 9*t = -33047. Is t a prime number?
True
Let g(u) = -3*u**2 + 14*u - 5. Let i be g(4). Suppose i*v - 29911 = -5*d, -4*d - 5*v = -9*d + 29895. Is d composite?
False
Let d(y) = -2*y**2 - 21*y + 1139. Suppose 69*n = 74*n. Is d(n) a prime number?
False
Let b = -83 + -371. Let q = b - -1713. Is q prime?
True
Let i(g) be the first derivative of -g**4 + 16*g**3/3 - g**2/2 + 16*g - 8. Is i(-7) a prime number?
True
Is (12783/(-2))/(60/(-680)) prime?
False
Suppose j + 411922 = 5*o, -o + 37*j - 42*j = -82400. Is o a prime number?
False
Suppose -11*f - 1627 = -10823. Suppose z - f = -3*z. Is z a prime number?
False
Is 134/871 + (-2 - 24/(-13)) - -360749 composite?
False
Suppose -200*u = 36*u - 189935396. Is u prime?
False
Suppose -137 = -27*p + 106. Is 3907*(10/25 - p/(-15)) prime?
True
Suppose -2*y + 4*j + 131310 + 1494948 = 0, -1626194 = -2*y - 4*j. Is y composite?
True
Suppose -w + 5785 + 3400 = 4*q, 5*w + 4*q - 45973 = 0. Is w composite?
True
Suppose 3*f + 3*n - 26058 = 0, -2*f - 273*n + 17363 = -274*n. Is f prime?
False
Let d = 581 + -400. Suppose -30387 = 174*q - d*q. Is q a composite number?
True
Let b(n) = -539*n + 4. Let k(p) = -p**2 + 26*p - 83. Let f be k(23). Let c be ((8/4)/(-2))/((-2)/f). Is b(c) composite?
True
Let o(d) = 8*d - 44. Let v be o(7). Is v/114 + (-26579)/(-19) composite?
False
Is -1 - -1488716*(-3)/(-9) - 58/87 a prime number?
False
Let q(g) = 526*g**2 - 4*g + 6. Let y be q(-3). Let f = y + -2641. Is f prime?
True
Let i(c) = -2*c**3 - 90*c**2 + 31. Is i(-51) composite?
True
Is (-2*(-479079)/45)/((-6)/(-15)) composite?
False
Let r be (-4)/10 + 685816/40. Suppose h - 4*u - r = 0, -5*h + 85700 = -0*u + 5*u. Is h a prime number?
False
Suppose -2*r = -p - 18, -5*r - 4*p - 2 = -3*r. Let a(n) = 1570*n - 17. Is a(r) prime?
True
Let u = -44 + 1. Let l = 396 + u. Is l a composite number?
False
Suppose 288918 + 459143 = 31*w. Is w prime?
False
Let u be 19/3 + (5 - 64/12). Let c(g) = -4*g + 29. Let j be c(u). Suppose -i = j*s + 4*i - 100, 5*i = 2*s - 33. Is s prime?
True
Suppose 6095 = 13*s - 6255. Suppose 10*w = s + 470. Is w a prime number?
False
Let z(d) = d**3 - 13*d**2 - 15*d 